{"id":15902,"date":"2026-09-01T11:10:50","date_gmt":"2026-09-01T09:10:50","guid":{"rendered":"https:\/\/emsaquimica.com\/?post_type=productos&#038;p=15902"},"modified":"2026-09-01T12:13:21","modified_gmt":"2026-09-01T10:13:21","slug":"prolicell-baicare-ativo-capilar","status":"publish","type":"productos","link":"https:\/\/emsaquimica.com\/pt-pt\/productos\/prolicell-baicare-ativo-capilar\/","title":{"rendered":"ProliCell\u00ae BaiCare"},"content":{"rendered":"<p class=\"PDq2pG_selectionAnchorContainer\" data-start=\"35\" data-end=\"430\">ProliCell\u00ae BaiCare \u00e9 um ativo cosm\u00e9tico desenvolvido atrav\u00e9s da tecnologia ProliCell\u00ae, \u00e0 base de c\u00e9lulas estaminais de <em data-start=\"154\" data-end=\"179\">Scutellaria baicalensis<\/em> (Chinese Skullcap). Esta tecnologia combina c\u00e9lulas estaminais vegetais, small RNAs e ves\u00edculas extracelulares de origem vegetal para favorecer a funcionalidade do fol\u00edculo piloso, criando um ambiente mais favor\u00e1vel a um crescimento capilar saud\u00e1vel.<\/p>\n<p data-start=\"432\" data-end=\"689\">Ao contr\u00e1rio das abordagens tradicionais, BaiCare n\u00e3o se limita a estimular o crescimento do cabelo, mas atua sobre a funcionalidade do fol\u00edculo piloso: regula a inflama\u00e7\u00e3o, melhora a microcircula\u00e7\u00e3o e modula vias de sinaliza\u00e7\u00e3o envolvidas no ciclo capilar.<\/p>\n","protected":false},"excerpt":{"rendered":"<p>ProliCell\u00ae BaiCare \u00e9 um ativo cosm\u00e9tico desenvolvido atrav\u00e9s da tecnologia ProliCell\u00ae, \u00e0 base de c\u00e9lulas estaminais de Scutellaria baicalensis (Chinese Skullcap). Esta tecnologia combina c\u00e9lulas estaminais vegetais, small RNAs e ves\u00edculas extracelulares de origem vegetal para favorecer a funcionalidade do fol\u00edculo piloso, criando um ambiente mais favor\u00e1vel a um crescimento capilar saud\u00e1vel. Ao contr\u00e1rio das [&hellip;]<\/p>\n","protected":false},"author":12,"featured_media":0,"parent":0,"template":"","class_list":["post-15902","productos","type-productos","status-publish","hentry"],"acf":[],"yoast_head":"<!-- This site is optimized with the Yoast SEO plugin v28.3 - https:\/\/yoast.com\/product\/yoast-seo-wordpress\/ -->\n<title>ProliCell\u00ae BaiCare | Ativo para cuidado capilar | Emsa<\/title>\n<meta name=\"description\" content=\"ProliCell\u00ae BaiCare \u00e9 um ativo cosm\u00e9tico da ACTV \u00e0 base de c\u00e9lulas estaminais vegetais e small RNAs para favorecer o fol\u00edculo piloso e o crescimento capilar.\" \/>\n<meta name=\"robots\" content=\"index, follow, max-snippet:-1, max-image-preview:large, max-video-preview:-1\" \/>\n<link rel=\"canonical\" href=\"https:\/\/emsaquimica.com\/pt-pt\/productos\/prolicell-baicare-ativo-capilar\/\" \/>\n<meta property=\"og:locale\" content=\"pt_PT\" \/>\n<meta property=\"og:type\" content=\"article\" \/>\n<meta property=\"og:title\" content=\"ProliCell\u00ae BaiCare | Ativo para cuidado capilar | Emsa\" \/>\n<meta property=\"og:description\" content=\"ProliCell\u00ae BaiCare \u00e9 um ativo cosm\u00e9tico da ACTV \u00e0 base de c\u00e9lulas estaminais vegetais e small RNAs para favorecer o fol\u00edculo piloso e o crescimento capilar.\" \/>\n<meta property=\"og:url\" content=\"https:\/\/emsaquimica.com\/pt-pt\/productos\/prolicell-baicare-ativo-capilar\/\" \/>\n<meta property=\"og:site_name\" content=\"Emsa\" \/>\n<meta property=\"article:modified_time\" content=\"2026-09-01T10:13:21+00:00\" \/>\n<meta name=\"twitter:card\" content=\"summary_large_image\" \/>\n<meta name=\"twitter:label1\" content=\"Tempo estimado de leitura\" \/>\n\t<meta name=\"twitter:data1\" content=\"1 minuto\" \/>\n<script type=\"application\/ld+json\" class=\"yoast-schema-graph\">{\"@context\":\"https:\\\/\\\/schema.org\",\"@graph\":[{\"@type\":\"WebPage\",\"@id\":\"https:\\\/\\\/emsaquimica.com\\\/pt-pt\\\/productos\\\/prolicell-baicare-ativo-capilar\\\/\",\"url\":\"https:\\\/\\\/emsaquimica.com\\\/pt-pt\\\/productos\\\/prolicell-baicare-ativo-capilar\\\/\",\"name\":\"ProliCell\u00ae BaiCare | Ativo para cuidado capilar | Emsa\",\"isPartOf\":{\"@id\":\"https:\\\/\\\/emsaquimica.com\\\/pt-pt\\\/#website\"},\"datePublished\":\"2026-09-01T09:10:50+00:00\",\"dateModified\":\"2026-09-01T10:13:21+00:00\",\"description\":\"ProliCell\u00ae BaiCare \u00e9 um ativo cosm\u00e9tico da ACTV \u00e0 base de c\u00e9lulas estaminais vegetais e small RNAs para favorecer o fol\u00edculo piloso e o crescimento capilar.\",\"breadcrumb\":{\"@id\":\"https:\\\/\\\/emsaquimica.com\\\/pt-pt\\\/productos\\\/prolicell-baicare-ativo-capilar\\\/#breadcrumb\"},\"inLanguage\":\"pt-PT\",\"potentialAction\":[{\"@type\":\"ReadAction\",\"target\":[\"https:\\\/\\\/emsaquimica.com\\\/pt-pt\\\/productos\\\/prolicell-baicare-ativo-capilar\\\/\"]}]},{\"@type\":\"BreadcrumbList\",\"@id\":\"https:\\\/\\\/emsaquimica.com\\\/pt-pt\\\/productos\\\/prolicell-baicare-ativo-capilar\\\/#breadcrumb\",\"itemListElement\":[{\"@type\":\"ListItem\",\"position\":1,\"name\":\"Portada\",\"item\":\"https:\\\/\\\/emsaquimica.com\\\/pt-pt\\\/\"},{\"@type\":\"ListItem\",\"position\":2,\"name\":\"ProliCell\u00ae BaiCare\"}]},{\"@type\":\"WebSite\",\"@id\":\"https:\\\/\\\/emsaquimica.com\\\/pt-pt\\\/#website\",\"url\":\"https:\\\/\\\/emsaquimica.com\\\/pt-pt\\\/\",\"name\":\"Emsa\",\"description\":\"Committed Chemistry\",\"publisher\":{\"@id\":\"https:\\\/\\\/emsaquimica.com\\\/pt-pt\\\/#organization\"},\"potentialAction\":[{\"@type\":\"SearchAction\",\"target\":{\"@type\":\"EntryPoint\",\"urlTemplate\":\"https:\\\/\\\/emsaquimica.com\\\/pt-pt\\\/?s={search_term_string}\"},\"query-input\":{\"@type\":\"PropertyValueSpecification\",\"valueRequired\":true,\"valueName\":\"search_term_string\"}}],\"inLanguage\":\"pt-PT\"},{\"@type\":\"Organization\",\"@id\":\"https:\\\/\\\/emsaquimica.com\\\/pt-pt\\\/#organization\",\"name\":\"Emsa\",\"url\":\"https:\\\/\\\/emsaquimica.com\\\/pt-pt\\\/\",\"logo\":{\"@type\":\"ImageObject\",\"inLanguage\":\"pt-PT\",\"@id\":\"https:\\\/\\\/emsaquimica.com\\\/pt-pt\\\/#\\\/schema\\\/logo\\\/image\\\/\",\"url\":\"https:\\\/\\\/emsaquimica.com\\\/wp-content\\\/uploads\\\/2021\\\/11\\\/Logo-Emsa.svg\",\"contentUrl\":\"https:\\\/\\\/emsaquimica.com\\\/wp-content\\\/uploads\\\/2021\\\/11\\\/Logo-Emsa.svg\",\"width\":200,\"height\":50,\"caption\":\"Emsa\"},\"image\":{\"@id\":\"https:\\\/\\\/emsaquimica.com\\\/pt-pt\\\/#\\\/schema\\\/logo\\\/image\\\/\"}}]}<\/script>\n<!-- \/ Yoast SEO plugin. -->","yoast_head_json":{"title":"ProliCell\u00ae BaiCare | Ativo para cuidado capilar | Emsa","description":"ProliCell\u00ae BaiCare \u00e9 um ativo cosm\u00e9tico da ACTV \u00e0 base de c\u00e9lulas estaminais vegetais e small RNAs para favorecer o fol\u00edculo piloso e o crescimento capilar.","robots":{"index":"index","follow":"follow","max-snippet":"max-snippet:-1","max-image-preview":"max-image-preview:large","max-video-preview":"max-video-preview:-1"},"canonical":"https:\/\/emsaquimica.com\/pt-pt\/productos\/prolicell-baicare-ativo-capilar\/","og_locale":"pt_PT","og_type":"article","og_title":"ProliCell\u00ae BaiCare | Ativo para cuidado capilar | Emsa","og_description":"ProliCell\u00ae BaiCare \u00e9 um ativo cosm\u00e9tico da ACTV \u00e0 base de c\u00e9lulas estaminais vegetais e small RNAs para favorecer o fol\u00edculo piloso e o crescimento capilar.","og_url":"https:\/\/emsaquimica.com\/pt-pt\/productos\/prolicell-baicare-ativo-capilar\/","og_site_name":"Emsa","article_modified_time":"2026-09-01T10:13:21+00:00","twitter_card":"summary_large_image","twitter_misc":{"Tempo estimado de leitura":"1 minuto"},"schema":{"@context":"https:\/\/schema.org","@graph":[{"@type":"WebPage","@id":"https:\/\/emsaquimica.com\/pt-pt\/productos\/prolicell-baicare-ativo-capilar\/","url":"https:\/\/emsaquimica.com\/pt-pt\/productos\/prolicell-baicare-ativo-capilar\/","name":"ProliCell\u00ae BaiCare | Ativo para cuidado capilar | Emsa","isPartOf":{"@id":"https:\/\/emsaquimica.com\/pt-pt\/#website"},"datePublished":"2026-09-01T09:10:50+00:00","dateModified":"2026-09-01T10:13:21+00:00","description":"ProliCell\u00ae BaiCare \u00e9 um ativo cosm\u00e9tico da ACTV \u00e0 base de c\u00e9lulas estaminais vegetais e small RNAs para favorecer o fol\u00edculo piloso e o crescimento capilar.","breadcrumb":{"@id":"https:\/\/emsaquimica.com\/pt-pt\/productos\/prolicell-baicare-ativo-capilar\/#breadcrumb"},"inLanguage":"pt-PT","potentialAction":[{"@type":"ReadAction","target":["https:\/\/emsaquimica.com\/pt-pt\/productos\/prolicell-baicare-ativo-capilar\/"]}]},{"@type":"BreadcrumbList","@id":"https:\/\/emsaquimica.com\/pt-pt\/productos\/prolicell-baicare-ativo-capilar\/#breadcrumb","itemListElement":[{"@type":"ListItem","position":1,"name":"Portada","item":"https:\/\/emsaquimica.com\/pt-pt\/"},{"@type":"ListItem","position":2,"name":"ProliCell\u00ae BaiCare"}]},{"@type":"WebSite","@id":"https:\/\/emsaquimica.com\/pt-pt\/#website","url":"https:\/\/emsaquimica.com\/pt-pt\/","name":"Emsa","description":"Committed Chemistry","publisher":{"@id":"https:\/\/emsaquimica.com\/pt-pt\/#organization"},"potentialAction":[{"@type":"SearchAction","target":{"@type":"EntryPoint","urlTemplate":"https:\/\/emsaquimica.com\/pt-pt\/?s={search_term_string}"},"query-input":{"@type":"PropertyValueSpecification","valueRequired":true,"valueName":"search_term_string"}}],"inLanguage":"pt-PT"},{"@type":"Organization","@id":"https:\/\/emsaquimica.com\/pt-pt\/#organization","name":"Emsa","url":"https:\/\/emsaquimica.com\/pt-pt\/","logo":{"@type":"ImageObject","inLanguage":"pt-PT","@id":"https:\/\/emsaquimica.com\/pt-pt\/#\/schema\/logo\/image\/","url":"https:\/\/emsaquimica.com\/wp-content\/uploads\/2021\/11\/Logo-Emsa.svg","contentUrl":"https:\/\/emsaquimica.com\/wp-content\/uploads\/2021\/11\/Logo-Emsa.svg","width":200,"height":50,"caption":"Emsa"},"image":{"@id":"https:\/\/emsaquimica.com\/pt-pt\/#\/schema\/logo\/image\/"}}]}},"_links":{"self":[{"href":"https:\/\/emsaquimica.com\/pt-pt\/wp-json\/wp\/v2\/productos\/15902","targetHints":{"allow":["GET"]}}],"collection":[{"href":"https:\/\/emsaquimica.com\/pt-pt\/wp-json\/wp\/v2\/productos"}],"about":[{"href":"https:\/\/emsaquimica.com\/pt-pt\/wp-json\/wp\/v2\/types\/productos"}],"author":[{"embeddable":true,"href":"https:\/\/emsaquimica.com\/pt-pt\/wp-json\/wp\/v2\/users\/12"}],"wp:attachment":[{"href":"https:\/\/emsaquimica.com\/pt-pt\/wp-json\/wp\/v2\/media?parent=15902"}],"curies":[{"name":"wp","href":"https:\/\/api.w.org\/{rel}","templated":true}]}}

<p class="PDq2pG_selectionAnchorContainer" data-start="35" data-end="430">ProliCell® BaiCare é um ativo cosmético desenvolvido através da tecnologia ProliCell®, à base de células estaminais de <em data-start="154" data-end="179">Scutellaria baicalensis</em> (Chinese Skullcap). Esta tecnologia combina células estaminais vegetais, small RNAs e vesículas extracelulares de origem vegetal para favorecer a funcionalidade do folículo piloso, criando um ambiente mais favorável a um crescimento capilar saudável.</p>
<p data-start="432" data-end="689">Ao contrário das abordagens tradicionais, BaiCare não se limita a estimular o crescimento do cabelo, mas atua sobre a funcionalidade do folículo piloso: regula a inflamação, melhora a microcirculação e modula vias de sinalização envolvidas no ciclo capilar.</p>

<p>ProliCell® BaiCare é um ativo cosmético desenvolvido através da tecnologia ProliCell®, à base de células estaminais de Scutellaria baicalensis (Chinese Skullcap). Esta tecnologia combina células estaminais vegetais, small RNAs e vesículas extracelulares de origem vegetal para favorecer a funcionalidade do folículo piloso, criando um ambiente mais favorável a um crescimento capilar saudável. Ao contrário das [&hellip;]</p>

<!-- This site is optimized with the Yoast SEO plugin v28.3 - https://yoast.com/product/yoast-seo-wordpress/ -->
<title>ProliCell® BaiCare | Ativo para cuidado capilar | Emsa</title>
<meta name="description" content="ProliCell® BaiCare é um ativo cosmético da ACTV à base de células estaminais vegetais e small RNAs para favorecer o folículo piloso e o crescimento capilar." />
<meta name="robots" content="index, follow, max-snippet:-1, max-image-preview:large, max-video-preview:-1" />
<link rel="canonical" href="https://emsaquimica.com/pt-pt/productos/prolicell-baicare-ativo-capilar/" />
<meta property="og:locale" content="pt_PT" />
<meta property="og:type" content="article" />
<meta property="og:title" content="ProliCell® BaiCare | Ativo para cuidado capilar | Emsa" />
<meta property="og:description" content="ProliCell® BaiCare é um ativo cosmético da ACTV à base de células estaminais vegetais e small RNAs para favorecer o folículo piloso e o crescimento capilar." />
<meta property="og:url" content="https://emsaquimica.com/pt-pt/productos/prolicell-baicare-ativo-capilar/" />
<meta property="og:site_name" content="Emsa" />
<meta property="article:modified_time" content="2026-09-01T10:13:21+00:00" />
<meta name="twitter:card" content="summary_large_image" />
<meta name="twitter:label1" content="Tempo estimado de leitura" />
	<meta name="twitter:data1" content="1 minuto" />
<script type="application/ld+json" class="yoast-schema-graph">{"@context":"https:\/\/schema.org","@graph":[{"@type":"WebPage","@id":"https:\/\/emsaquimica.com\/pt-pt\/productos\/prolicell-baicare-ativo-capilar\/","url":"https:\/\/emsaquimica.com\/pt-pt\/productos\/prolicell-baicare-ativo-capilar\/","name":"ProliCell® BaiCare | Ativo para cuidado capilar | Emsa","isPartOf":{"@id":"https:\/\/emsaquimica.com\/pt-pt\/#website"},"datePublished":"2026-09-01T09:10:50+00:00","dateModified":"2026-09-01T10:13:21+00:00","description":"ProliCell® BaiCare é um ativo cosmético da ACTV à base de células estaminais vegetais e small RNAs para favorecer o folículo piloso e o crescimento capilar.","breadcrumb":{"@id":"https:\/\/emsaquimica.com\/pt-pt\/productos\/prolicell-baicare-ativo-capilar\/#breadcrumb"},"inLanguage":"pt-PT","potentialAction":[{"@type":"ReadAction","target":["https:\/\/emsaquimica.com\/pt-pt\/productos\/prolicell-baicare-ativo-capilar\/"]}]},{"@type":"BreadcrumbList","@id":"https:\/\/emsaquimica.com\/pt-pt\/productos\/prolicell-baicare-ativo-capilar\/#breadcrumb","itemListElement":[{"@type":"ListItem","position":1,"name":"Portada","item":"https:\/\/emsaquimica.com\/pt-pt\/"},{"@type":"ListItem","position":2,"name":"ProliCell® BaiCare"}]},{"@type":"WebSite","@id":"https:\/\/emsaquimica.com\/pt-pt\/#website","url":"https:\/\/emsaquimica.com\/pt-pt\/","name":"Emsa","description":"Committed Chemistry","publisher":{"@id":"https:\/\/emsaquimica.com\/pt-pt\/#organization"},"potentialAction":[{"@type":"SearchAction","target":{"@type":"EntryPoint","urlTemplate":"https:\/\/emsaquimica.com\/pt-pt\/?s={search_term_string}"},"query-input":{"@type":"PropertyValueSpecification","valueRequired":true,"valueName":"search_term_string"}}],"inLanguage":"pt-PT"},{"@type":"Organization","@id":"https:\/\/emsaquimica.com\/pt-pt\/#organization","name":"Emsa","url":"https:\/\/emsaquimica.com\/pt-pt\/","logo":{"@type":"ImageObject","inLanguage":"pt-PT","@id":"https:\/\/emsaquimica.com\/pt-pt\/#\/schema\/logo\/image\/","url":"https:\/\/emsaquimica.com\/wp-content\/uploads\/2021\/11\/Logo-Emsa.svg","contentUrl":"https:\/\/emsaquimica.com\/wp-content\/uploads\/2021\/11\/Logo-Emsa.svg","width":200,"height":50,"caption":"Emsa"},"image":{"@id":"https:\/\/emsaquimica.com\/pt-pt\/#\/schema\/logo\/image\/"}}]}</script>
<!-- / Yoast SEO plugin. -->

ProliCell® BaiCare é um ativo cosmético da ACTV à base de células estaminais vegetais e small RNAs para favorecer o folículo piloso e o crescimento capilar.
